0
In base 16, what is -87 + 47?
-40
In base 14, what is -140 - 44?
-184
In base 16, what is d6 - -4?
da
In base 14, what is 5 - 2?
3
In base 8, what is 4 - -760?
764
In base 5, what is 4 + 10323?
10332
In base 4, what is -11 - 210202?
-210213
In base 4, what is -2131 + -120?
-2311
In base 9, what is -6 - 173?
-180
In base 16, what is -65 - -3?
-62
In base 16, what is -3 - -c4?
c1
In base 7, what is 140 + -140?
0
In base 11, what is 490 + 11?
4a1
In base 11, what is 2 - 154?
-152
In base 3, what is -12 - -2002?
1220
In base 15, what is a9 - -1?
aa
In base 14, what is 1517 - -2?
1519
In base 12, what is -45 + 15?
-30
In base 8, what is -4 - 10740?
-10744
In base 16, what is -18 + -1d?
-35
In base 6, what is -4 - 113?
-121
In base 12, what is 4 - 1616?
-1612
In base 8, what is -12277 + -1?
-12300
In base 2, what is -111111011 + 11?
-111111000
In base 14, what is -1 - -d50?
d4d
In base 8, what is -3 + 1764?
1761
In base 11, what is 2 - -1a?
21
In base 13, what is 183 - -3?
186
In base 9, what is 0 - -4834?
4834
In base 6, what is 2 - 43515?
-43513
In base 15, what is -4 + -15?
-19
In base 7, what is -4552 + -3?
-4555
In base 15, what is 3 - -9c?
a0
In base 16, what is 1699 + -2?
1697
In base 9, what is -1125 - -3?
-1122
In base 13, what is 8 - -1ab?
1b6
In base 5, what is -4 - 4001?
-4010
In base 16, what is -3f - -2?
-3d
In base 5, what is 20431 + 0?
20431
In base 8, what is -37 - -23?
-14
In base 10, what is 3 + -327?
-324
In base 14, what is -b + -2?
-d
In base 6, what is -1102 + 5?
-1053
In base 8, what is -510 + -5?
-515
In base 7, what is 44 - 2?
42
In base 12, what is -2b - -445?
416
In base 11, what is -51a7 + 3?
-51a4
In base 15, what is 13 - -43?
56
In base 14, what is -20 - 40?
-60
In base 4, what is -2 - -1122?
1120
In base 11, what is -51 + 0?
-51
In base 14, what is -6a - -a?
-60
In base 5, what is -20442 - 4?
-21001
In base 16, what is 31 + -46?
-15
In base 11, what is 4 - 6a4?
-6a0
In base 8, what is -133 - 11?
-144
In base 7, what is 55 - -5?
63
In base 7, what is -211406 - 0?
-211406
In base 12, what is -51 + 3?
-4a
In base 13, what is -4 - cb?
-102
In base 15, what is -4b - b7?
-113
In base 3, what is 12220 + 11?
20001
In base 9, what is -4 + 155?
151
In base 16, what is -4 - -849?
845
In base 4, what is 10101 - 33?
10002
In base 2, what is 101 + 11100010?
11100111
In base 12, what is 177 + 3?
17a
In base 4, what is -2100 - 102?
-2202
In base 15, what is 39 - 2?
37
In base 13, what is -1 - 10?
-11
In base 11, what is 5a1 - 5?
597
In base 9, what is 1334 + 2?
1336
In base 10, what is -19 + -377?
-396
In base 14, what is a21 + -a?
a15
In base 12, what is 1 + -5a?
-59
In base 16, what is 11 + -1a?
-9
In base 8, what is 120 - 5?
113
In base 4, what is -10321 - 123?
-11110
In base 6, what is -2 + 12?
10
In base 5, what is -1320 + 0?
-1320
In base 15, what is -b - 3?
-e
In base 3, what is 1012100 + -11?
1012012
In base 13, what is 21a - 0?
21a
In base 8, what is -1237 + 13?
-1224
In base 15, what is -5 + 16e?
169
In base 16, what is 141 - 0?
141
In base 11, what is 11 - 28?
-17
In base 2, what is -110 - 1?
-111
In base 13, what is -55 - -65?
10
In base 3, what is 1 + -21100?
-21022
In base 12, what is 99 - -4?
a1
In base 4, what is 13 - 12?
1
In base 7, what is -62 + -540?
-632
In base 8, what is -2 - -1627?
1625
In base 7, what is -461 + -1?
-462
In base 13, what is 16c + -3?
169
In base 15, what is 24b - 9?
242
In base 7, what is 632 - 46?
553
In base 13, what is -7 + 12?
8
In base 15, what is -37 - -23?
-14
In base 5, what is -2 + 142004?
142002
In base 16, what is -1626 + 2?
-1624
In base 5, what is 4 + -30?
-21
In base 7, what is 5 - -61?
66
In base 10, what is 0 + -1944?
-1944
In base 3, what is -11 - 11100?
-11111
In base 2, what is -10000 - -111101100?
111011100
In base 3, what is 10 + -11120?
-11110
In base 12, what is 1 + 2ba?
2bb
In base 10, what is -136 - 2?
-138
In base 5, what is 2 + -12143?
-12141
In base 7, what is -1043 - 50?
-1123
In base 16, what is -b + -11b?
-126
In base 2, what is 100 + -100010?
-11110
In base 9, what is 281 - -41?
332
In base 5, what is -211 + -214?
-430
In base 10, what is 961 + 2?
963
In base 3, what is 10011121 + 12?
10011210
In base 2, what is 1011 + -110?
101
In base 13, what is -7 - 178?
-182
In base 11, what is -3 - 182?
-185
In base 3, what is -1220 - 22?
-2012
In base 10, what is -5 - -138?
133
In base 13, what is 1a - -34a?
367
In base 13, what is 7 + 225?
22c
In base 14, what is 5 - -12?
17
In base 14, what is 1 - -3a?
3b
In base 12, what is 29 - 0?
29
In base 7, what is 5 - -153?
161
In base 4, what is 30 + -1112?
-1022
In base 12, what is 66 + 59?
103
In base 10, what is 4169 - 0?
4169
In base 13, what is 5 + a3?
a8
In base 10, what is 12739 - 3?
12736
In base 7, what is 63 + 402?
465
In base 5, what is 32 - -1240?
1322
In base 7, what is 0 - -235?
235
In base 14, what is -7 + c4?
bb
In base 10, what is -837 - 10?
-847
In base 16, what is -1 + 38?
37
In base 9, what is -6557 - 0?
-6557
In base 14, what is 1dd + 3?
202
In base 5, what is -10101 - 4?
-10110
In base 7, what is 2232 + 3?
2235
In base 5, what is 0 + -4001?
-4001
In base 10, what is 42873 + -2?
42871
In base 8, what is -1 - -174?
173
In base 12, what is -1 - 692?
-693
In base 15, what is -443 - 7?
-44a
In base 7, what is 1 - -643?
644
In base 10, what is -2 + -105?
-107
In base 6, what is -11 + -2204?
-2215
In base 14, what is 112 + -14?
dc
In base 16, what is 365 - -2?
367
In base 4, what is 22 + 30?
112
In base 15, what is 0 + -a2?
-a2
In base 7, what is -4252 - 4?
-4256
In base 10, what is -2 - -1344?
1342
In base 7, what is 20 + -112?
-62
In base 7, what is 6335 + -13?
6322
In base 4, what is -11 + 110?
33
In base 4, what is 0 + -333?
-333
In base 2, what is 0 - 1000111101?
-1000111101
In base 4, what is 1 - -232?
233
In base 16, what is -a + -40?
-4a
In base 15, what is 11 + -53?
-42
In base 3, what is 1012 + 2121?
10210
In base 12, what is -b + 2?
-9
In base 6, what is 211 + -14?
153
In base 12, what is -14 - 1?
-15
In base 15, what is dc + a?
e7
In base 14, what is -67 - -10?
-57
In base 16, what is 18 + 2?
1a
In base 2, what is -10 + -101111011001?
-101111011011
In base 5, what is -10 + 3414?
3404
In base 2, what is 101 + 1100110?
1101011
In base 6, what is -4 + 1234?
1230
In base 7, what is -131 - 5?
-136
In base 15, what is -3e + 2?
-3c
In base 16, what is -f + c7?
b8
In base 3, what is 10 + 2010?
2020
In base 3, what is 202 + 0?
202
In base 8, what is 3 - -11?
14
In base 4, what is 0 + 202?
202
In base 6, what is -20 - -4?
-12
In base 7, what is -1062 + 0?
-1062
In base 15, what is 27 + 8?
30
In base 13, what is -3 + -39?
-3c
In base 15, what is -1 - -1b0c?
1b0b
In base 13, what is -17 - -218?
201
In base 15, what is 5 + -2d4?
-2ce
In base 7, what is 40 - 112?
-42
In base 16, what is eb - -5?
f0
In base 9, what is 16 + 327?
344
In base 13, what is 23 - 7?
19
In base 13, what is 3 + -55?
-52
In base 4, what is -102110 + -1?
-102111
In base 5, what is -2 - -222?
220
In base 14, what is -2 - 8?
-a
In base 9, what is 3061 + 3?
3064
In base 6, what is 0 - -41422?
41422
In base 9, what is 7 - 84?
-76
In base 8, what is -1 - -7?
6
In base 13, what is 5 + -20a?
-205
In base 10, what is 3 - -140?
143
In base 3, what is -102 + -222?
-1101
In base 6, what is 3 - 30?
-23
In base 15, what is -7 - -3a?
33
In base 2, what is 101111 + 10110?
1000101
In base 12, what is -17 + 1?
-16
In base 2, what is 0 + 111010001?
111010001
In base 11, what is -2 + 1026?
1024
In base 15, what is 3 + -4cd?
-4ca
In base 15, what is -54 - -2?
-52
In base 6, what is -321 - 12?
-333
In base 2, what is -110 - -101100?
100110
In base 2, what is 1 + 111010010000?
111010010001
In base 7, what is 303 + -1?
302
In base 2, what is 100001 - -110000110?
110100111
In base 9, what is -204 - 7?
-212
In base 8, what is -34 - 4?
-40
In base 16, what is -50 + 7?
-49
In base 11, what is -442 - 4?
-446
In base 16, what is -5f7 - -2?
-5f5
In base 2, what is -10000111 - 10001?
-10011000
In base 6, what is -21501 - 2?
-21503
In base 14, what is 5 + 62?
67
In base 9, what is -573 + 7?
-565
In base 7, what is 650 + 0?
650
In base 3, what is 11 + 101021?
101102
In base 2, what is 10 - 1000100010?
-1000100000
In base 6, what is -1 - -10102?
10101
In base 8, what is 